(q) = -2*q**3 + 34*q**2 - 75*q - 19. Determine k(14).
107
Let n(k) = 368*k - 1277. What is n(7)?
1299
Let s(z) = -z**2 + 120425*z + 602150. Determine s(-5).
0
Let h(b) = b**3 - 80*b**2 - 6675*b + 28. Give h(-51).
-278
Let d(o) = -2*o**3 - 32*o**2 - 50*o - 24. Determine d(-10).
-724
Let n(u) = -3*u**3 - 155*u**2 - 88*u + 1290. Calculate n(-51).
576
Let c(o) = o**3 + 76*o**2 + 1099*o + 21243. Determine c(-64).
59
Let k(p) = 4*p**3 - 2*p**2 - 239*p + 968. Give k(4).
236
Let d(m) = m**2 - 48*m - 9060. What is d(122)?
-32
Let x(t) = -17*t**2 + 431*t - 462. Determine x(25).
-312
Let v(o) = o**3 + 98*o**2 + 38*o + 513. What is v(-98)?
-3211
Let g(k) = k**2 + 266*k - 123768. What is g(243)?
-81
Let y(k) = -48*k - 1500. Give y(-42).
516
Let k(v) = -v**2 - 28*v - 167. Calculate k(-21).
-20
Let i(k) = -5293*k - 1858. What is i(0)?
-1858
Let g(o) = -133638*o + 534505. Calculate g(4).
-47
Let i(t) = -14881*t + 14865. Determine i(1).
-16
Let y(b) = -3072*b - 257864. Give y(-84).
184
Let q(a) = -50663*a + 1823854. Give q(36).
-14
Let c(p) = -4*p**3 - 310*p**2 - 1585*p - 74. Calculate c(-72).
-2
Let f(u) = 363*u - 53054. Determine f(146).
-56
Let n(u) = -2*u**3 + 292*u**2 - 2255*u - 433. What is n(8)?
-809
Let r(c) = c**3 + 860*c**2 - 18*c - 15538. What is r(-860)?
-58
Let n(b) = 374*b + 5811. Give n(-18).
-921
Let r(m) = -2433*m + 25119. Determine r(9).
3222
Let u(z) = 2*z**3 + 9*z**2 - 268*z - 1520. Give u(-6).
-20
Let x(y) = 3*y**2 - 110*y + 1115. What is x(27)?
332
Let x(t) = -293*t - 8281. What is x(-28)?
-77
Let t(l) = 5*l**2 - 335*l - 7124. Calculate t(84).
16
Let n(b) = -19*b**2 - 75*b + 320. What is n(4)?
-284
Let s(f) = 2783*f - 27788. Determine s(10).
42
Let n(w) = -w**2 + 423*w + 68565. Determine n(-125).
65
Let w(c) = 67*c**3 - 14*c**2 + 27*c - 22. Determine w(2).
512
Let k(x) = -255*x - 23368. Calculate k(-91).
-163
Let i(t) = -3*t**3 + 28*t**2 + 21*t - 131. Calculate i(4).
209
Let x(g) = 624*g + 306760. Calculate x(-492).
-248
Let b(z) = 195*z + 24402. Give b(-127).
-363
Let d(z) = -751*z + 9280. Give d(13).
-483
Let t(k) = 6596*k - 2387764. Give t(362).
-12
Let d(q) = -8685*q - 60820. Give d(-7).
-25
Let f(y) = 481*y**2 - 8583*y - 38. Calculate f(18).
1312
Let x(g) = 11112*g + 1400120. Determine x(-126).
8
Let n(m) = 22*m - 436. Give n(0).
-436
Let i(m) = -167*m - 380. Give i(-4).
288
Let w(k) = k**2 + 574*k + 79121. Give w(-344).
1
Let x(l) = 5705*l - 131195. Give x(23).
20
Let o(u) = -487*u**2 - 294*u + 602. Give o(2).
-1934
Let o(q) = 6*q**3 - 38*q**2 + 133*q + 636. Determine o(7).
1763
Let k(n) = -2*n**2 - 6109*n + 266397. Calculate k(43).
12
Let g(f) = 146*f**3 - 568*f**2 - 133*f + 509. What is g(4)?
233
Let a(n) = -3643*n - 58292. Determine a(-16).
-4
Let z(n) = -2*n**2 - 39*n + 12512. Determine z(70).
-18
Let x(n) = 1641*n + 6572. What is x(-3)?
1649
Let n(h) = -712*h + 8700. Determine n(12).
156
Let s(m) = -m**3 - 7*m**2 - 21*m - 830. Determine s(-12).
142
Let i(j) = j**2 - 9828*j - 236330. Determine i(-24).
118
Let c(l) = -l**2 + 364*l - 10524. Give c(32).
100
Let z(b) = 733*b**2 - 76226*b - 612. Give z(104).
12
Let w(k) = 6529*k - 38883. Determine w(6).
291
Let t(s) = -839*s + 72954. Calculate t(87).
-39
Let w(z) = -7089*z - 192631. What is w(-27)?
-1228
Let s(f) = f**3 - 27*f**2 - 1622*f + 47. Determine s(-29).
-11
Let c(q) = -4*q**3 + 477*q**2 - 577*q - 1532. Give c(118).
2
Let a(v) = -v**3 - 13*v**2 + 5352*v + 518. Determine a(67).
-18
Let d(w) = -1012*w - 77762. Give d(-78).
1174
Let l(x) = -905*x + 273373. Calculate l(302).
63
Let i(c) = -10*c + 2747. Give i(114).
1607
Let k(f) = -f**2 - 161*f + 12149. What is k(60)?
-1111
Let i(l) = -2*l**3 + 58*l**2 - 687*l + 1144. Determine i(2).
-14
Let b(c) = c**2 + 198*c - 17077. Determine b(-263).
18
Let u(n) = -1576*n + 91302. Calculate u(58).
-106
Let z(m) = 407*m - 736. Give z(2).
78
Let j(h) = -2169*h - 260282. Determine j(-120).
-2
Let r(n) = -13*n - 2557. Determine r(-167).
-386
Let t(n) = -80*n**2 - 9482*n + 4520. Calculate t(-119).
-2
Let q(j) = j**3 + 4*j**2 - 151*j - 5. Calculate q(10).
-115
Let r(o) = -508*o + 19888. What is r(40)?
-432
Let x(p) = 6*p**2 - 667*p + 199. What is x(112)?
759
Let p(u) = u**3 - 1306*u**2 - 13176*u - 170. Determine p(-10).
-10
Let a(s) = -s**3 + 474*s**2 - 3770*s - 11. Calculate a(8).
-347
Let j(v) = -430*v**2 + 64499*v + 35. What is j(150)?
-115
Let s(f) = -263*f**2 + 345*f + 23. What is s(2)?
-339
Let k(x) = -1536*x - 26336. Calculate k(-17).
-224
Let k(p) = -8724*p - 2573654. Calculate k(-295).
-74
Let s(u) = 3180*u + 25809. Calculate s(-7).
3549
Let g(m) = -m**2 + 2181*m + 109245. Determine g(-49).
-25
Let j(n) = -n**2 - 72523*n + 3773901. Determine j(52).
1
Let q(x) = -2*x**3 + 121*x**2 + 1479*x + 998. Calculate q(71).
146
Let s(l) = l**2 - 3458*l + 24118. Give s(7).
-39
Let a(m) = -1114*m - 42142. Determine a(-38).
190
Let w(z) = 667*z + 6208. Give w(-10).
-462
Let z(a) = 99*a + 38053. Determine z(-386).
-161
Let j(d) = 17*d**2 + 1555*d - 9115. What is j(-97)?
3
Let o(u) = -197*u**2 - 830*u - 30. What is o(-4)?
138
Let g(a) = -3*a**3 - 442*a**2 + 729*a - 2390. Give g(-149).
-6
Let t(b) = 283*b + 2278. Give t(-23).
-4231
Let h(p) = 183*p**3 - 65*p + 122. Give h(2).
1456
Let w(k) = k**2 - 1957*k - 1684791. Give w(-647).
-3
Let m(d) = 641*d + 12170. Calculate m(-19).
-9
Let k(y) = y**3 + 50*y**2 + 300*y - 1405. Give k(-42).
107
Let b(f) = 2*f**3 + 25*f**2 + 80*f + 256. Give b(-9).
103
Let h(a) = 4*a**3 - 190*a**2 + 114*a - 1214. Give h(47).
-274
Let x(h) = -24761*h**2 + 173334*h - 49. Determine x(7).
0
Let f(b) = -2302*b - 4401. Determine f(-2).
203
Let n(z) = 1639*z - 7183. Give n(4).
-627
Let o(d) = 4*d**3 - 63*d**2 + 37*d + 16. Determine o(15).
-104
Let n(y) = 63972*y - 12346601. Give n(193).
-5
Let p(o) = -o**3 + 2*o**2 + 2666*o + 10608. Determine p(-4).
40
Let v(u) = 25*u**3 + 68*u**2 + 19*u + 4. Give v(-4).
-584
Let z(i) = -i**3 + 223*i**2 + 1889*i + 82. Determine z(-8).
-246
Let h(z) = -z**2 + 574*z - 61781. Calculate h(144).
139
Let m(d) = 33089*d + 99932. Give m(-3).
665
Let p(t) = -15366*t + 23233393. Determine p(1512).
1
Let t(i) = -1097*i**2 - 1128*i - 30. Calculate t(-1).
1
Let k(y) = -162*y - 27327. Give k(-160).
-1407
Let z(k) = -2*k**3 - 69*k**2 - 767*k - 2801. What is z(-16)?
-1
Let g(m) = -762*m**2 - 6*m - 4. What is g(-1)?
-760
Let f(i) = 747*i - 5993. What is f(7)?
-764
Let c(j) = -17735*j + 496749. What is c(28)?
169
Let q(h) = 469*h - 61269. Give q(131).
170
Let v(n) = 16*n**2 - 779*n - 3667. Determine v(53).
-10
Let q(d) = -27429*d + 109513. Calculate q(4).
-203
Let t(j) = 16*j**3 + 735*j**2 - 210*j - 7544. Determine t(-46).
0
Let i(z) = -z**2 - 1126*z - 226478. Determine i(-262).
-110
Let l(z) = 5290*z - 3919892. What is l(741)?
-2
Let w(l) = 6*l**2 - 168*l - 2. Calculate w(27).
-164
Let y(k) = 35*k**3 + 3506*k**2 + 598*k - 173. Calculate y(-100).
27
Let w(a) = 2*a**2 + 1040*a - 14962. Determine w(14).
-10
Let l(r) = r**3 - 206*r**2 - 386*r - 5777. Calculate l(208).
463
Let x(f) = -4*f**2 - 716*f + 17670. Determine x(-201).
-18
Let w(c) = -c**3 - 409*c**2 - 5255*c - 1472178. Give w(-405).
-3
Let a(j) = j**3 + 18*j**2 - 7626*j - 107340. What is a(-14)?
208
Let x(r) = -r**3 + 2*r**2 - 22*r - 16. Calculate x(5).
-201
Let x(f) = -1775*f - 32333. Give x(-18).
-383
Let o(l) = -1109853*l + 1109868. What is o(1)?
15
Let r(m) = m**2 - 1773*m - 405623. Calculate r(-205).
-133
Let z(b) = 1118*b + 1093. Determine z(0).
1093
Let y(t) = -t**3 - 8*t**2 + 179*t + 11. What is y(10)?
1
Let k(w) = w**2 + 8124*w + 32527. Determine k(-4).
47
Let d(o) = -402*o**2 - 1541*o + 10. Determine d(-5).
-2335
Let b(j) = -j**2 - 6745*j - 127495. What is b(-19)?
299
Let c(y) = 4*y**3 - 2659*y**2 + 126894*y - 1843. Determine c(613).
-4
Let g(x) = 4067*x - 1012701. What is g(249)?
-18
Let z(c) = -768*c**2 + 46082*c - 132. Calculate z(60).
-12
Let q(a) = 9*a**2 - 1108*a - 920. What is q(124)?
72
Let s(i) = i**3 - 127*i**2 - 155*i + 3442. Determine s(128).
-14
Let b(y) = -4*y**3 - 7*y**2 + 192*y + 1906. What is b(-9)?
2527
Let h(c) = 3*c**3 - 209*c**2 + 3105*c - 823. Give h(21).
-4
Let i(w) = 4*w**3 - 24*w**2 - 21*w - 64. Give i(7).
-15
Let r(v) = -98*v**2 + 7450*v - 143. Give r(76).
9
Let h(g) = -173610*g - 1736099. Calculate h(-10).
1
Let z(i) = 642*i +